{"id":701,"date":"2025-05-09T13:39:53","date_gmt":"2025-05-09T11:39:53","guid":{"rendered":"https:\/\/www.spendenlauf-radebeul.de\/?page_id=701"},"modified":"2025-05-09T13:45:45","modified_gmt":"2025-05-09T11:45:45","slug":"direkt-spenden","status":"publish","type":"page","link":"https:\/\/www.spendenlauf-radebeul.de\/index.php\/direkt-spenden\/","title":{"rendered":"Direkt Spenden"},"content":{"rendered":"\n<p>Es passiert immer wieder. Der Termin des Radebeuler Spendenlaufes passt nicht in den eigenen Kalender.<br>Sie wollen aber trotzdem unser Schulprojekt unterst\u00fctzen &#8211; dann nutzen Sie gern die direkte Spendenm\u00f6glichkeit \u00fcber <\/p>\n\n\n\n<figure class=\"wp-block-image size-large is-resized\"><a href=\"https:\/\/www.paypal.com\/ncp\/payment\/Y3ERF83B7ABV8\"><img fetchpriority=\"high\" decoding=\"async\" width=\"1024\" height=\"768\" src=\"https:\/\/www.spendenlauf-radebeul.de\/wp-content\/uploads\/2025\/05\/image-1-1024x768.png\" alt=\"\" class=\"wp-image-705\" style=\"width:97px;height:auto\" srcset=\"https:\/\/www.spendenlauf-radebeul.de\/wp-content\/uploads\/2025\/05\/image-1-1024x768.png 1024w, https:\/\/www.spendenlauf-radebeul.de\/wp-content\/uploads\/2025\/05\/image-1-300x225.png 300w, https:\/\/www.spendenlauf-radebeul.de\/wp-content\/uploads\/2025\/05\/image-1-768x576.png 768w, https:\/\/www.spendenlauf-radebeul.de\/wp-content\/uploads\/2025\/05\/image-1-1536x1152.png 1536w, https:\/\/www.spendenlauf-radebeul.de\/wp-content\/uploads\/2025\/05\/image-1-2048x1536.png 2048w\" sizes=\"(max-width: 706px) 89vw, (max-width: 767px) 82vw, 740px\" \/><\/a><\/figure>\n\n\n\n<p>oder<\/p>\n\n\n\n<figure class=\"wp-block-image size-full is-resized\"><img decoding=\"async\" width=\"500\" height=\"500\" src=\"https:\/\/www.spendenlauf-radebeul.de\/wp-content\/uploads\/2025\/05\/qrcode.png\" alt=\"\" class=\"wp-image-707\" style=\"width:182px;height:auto\" srcset=\"https:\/\/www.spendenlauf-radebeul.de\/wp-content\/uploads\/2025\/05\/qrcode.png 500w, https:\/\/www.spendenlauf-radebeul.de\/wp-content\/uploads\/2025\/05\/qrcode-300x300.png 300w, https:\/\/www.spendenlauf-radebeul.de\/wp-content\/uploads\/2025\/05\/qrcode-150x150.png 150w, https:\/\/www.spendenlauf-radebeul.de\/wp-content\/uploads\/2025\/05\/qrcode-100x100.png 100w\" sizes=\"(max-width: 500px) 100vw, 500px\" \/><\/figure>\n","protected":false},"excerpt":{"rendered":"<p>Es passiert immer wieder. Der Termin des Radebeuler Spendenlaufes passt nicht in den eigenen Kalender.Sie wollen aber trotzdem unser Schulprojekt unterst\u00fctzen &#8211; dann nutzen Sie gern die direkte Spendenm\u00f6glichkeit \u00fcber oder<\/p>\n","protected":false},"author":6,"featured_media":0,"parent":0,"menu_order":0,"comment_status":"closed","ping_status":"closed","template":"","meta":{"footnotes":""},"class_list":["post-701","page","type-page","status-publish","hentry"],"_links":{"self":[{"href":"https:\/\/www.spendenlauf-radebeul.de\/index.php\/wp-json\/wp\/v2\/pages\/701","targetHints":{"allow":["GET"]}}],"collection":[{"href":"https:\/\/www.spendenlauf-radebeul.de\/index.php\/wp-json\/wp\/v2\/pages"}],"about":[{"href":"https:\/\/www.spendenlauf-radebeul.de\/index.php\/wp-json\/wp\/v2\/types\/page"}],"author":[{"embeddable":true,"href":"https:\/\/www.spendenlauf-radebeul.de\/index.php\/wp-json\/wp\/v2\/users\/6"}],"replies":[{"embeddable":true,"href":"https:\/\/www.spendenlauf-radebeul.de\/index.php\/wp-json\/wp\/v2\/comments?post=701"}],"version-history":[{"count":5,"href":"https:\/\/www.spendenlauf-radebeul.de\/index.php\/wp-json\/wp\/v2\/pages\/701\/revisions"}],"predecessor-version":[{"id":712,"href":"https:\/\/www.spendenlauf-radebeul.de\/index.php\/wp-json\/wp\/v2\/pages\/701\/revisions\/712"}],"wp:attachment":[{"href":"https:\/\/www.spendenlauf-radebeul.de\/index.php\/wp-json\/wp\/v2\/media?parent=701"}],"curies":[{"name":"wp","href":"https:\/\/api.w.org\/{rel}","templated":true}]}}

<p>Es passiert immer wieder. Der Termin des Radebeuler Spendenlaufes passt nicht in den eigenen Kalender.<br>Sie wollen aber trotzdem unser Schulprojekt unterstützen &#8211; dann nutzen Sie gern die direkte Spendenmöglichkeit über </p>



<figure class="wp-block-image size-large is-resized"><a href="https://www.paypal.com/ncp/payment/Y3ERF83B7ABV8"><img fetchpriority="high" decoding="async" width="1024" height="768" src="https://www.spendenlauf-radebeul.de/wp-content/uploads/2025/05/image-1-1024x768.png" alt="" class="wp-image-705" style="width:97px;height:auto" srcset="https://www.spendenlauf-radebeul.de/wp-content/uploads/2025/05/image-1-1024x768.png 1024w, https://www.spendenlauf-radebeul.de/wp-content/uploads/2025/05/image-1-300x225.png 300w, https://www.spendenlauf-radebeul.de/wp-content/uploads/2025/05/image-1-768x576.png 768w, https://www.spendenlauf-radebeul.de/wp-content/uploads/2025/05/image-1-1536x1152.png 1536w, https://www.spendenlauf-radebeul.de/wp-content/uploads/2025/05/image-1-2048x1536.png 2048w" sizes="(max-width: 706px) 89vw, (max-width: 767px) 82vw, 740px" /></a></figure>



<p>oder</p>



<figure class="wp-block-image size-full is-resized"><img decoding="async" width="500" height="500" src="https://www.spendenlauf-radebeul.de/wp-content/uploads/2025/05/qrcode.png" alt="" class="wp-image-707" style="width:182px;height:auto" srcset="https://www.spendenlauf-radebeul.de/wp-content/uploads/2025/05/qrcode.png 500w, https://www.spendenlauf-radebeul.de/wp-content/uploads/2025/05/qrcode-300x300.png 300w, https://www.spendenlauf-radebeul.de/wp-content/uploads/2025/05/qrcode-150x150.png 150w, https://www.spendenlauf-radebeul.de/wp-content/uploads/2025/05/qrcode-100x100.png 100w" sizes="(max-width: 500px) 100vw, 500px" /></figure>

<p>Es passiert immer wieder. Der Termin des Radebeuler Spendenlaufes passt nicht in den eigenen Kalender.Sie wollen aber trotzdem unser Schulprojekt unterstützen &#8211; dann nutzen Sie gern die direkte Spendenmöglichkeit über oder</p>
