{"id":687,"date":"2023-05-17T08:29:37","date_gmt":"2023-05-17T06:29:37","guid":{"rendered":"https:\/\/www.spendenlauf-radebeul.de\/?page_id=687"},"modified":"2025-05-09T13:43:07","modified_gmt":"2025-05-09T11:43:07","slug":"ergebnisse-2023","status":"publish","type":"page","link":"https:\/\/www.spendenlauf-radebeul.de\/index.php\/ergebnisse-2023\/","title":{"rendered":"Statistik 2023"},"content":{"rendered":"\n<p>L\u00e4ufer: 345<br>Spender: 225<br>Meiste Runden Einzell\u00e4ufer: Silvio Gl\u00f6ckner mit 58 Runden in 2 Stunden Laufzeit = 23,2 km<br>Meiste Runden Team: Team Ohio mit 545 Runden (21 L\u00e4ufer)<br>Meiste Spenden Einzell\u00e4ufer: Ole Andert = 535\u20ac<br>Meiste Spenden Team: Team Stadtverwaltung Radebeul = 1.500\u20ac<\/p>\n","protected":false},"excerpt":{"rendered":"<p>L\u00e4ufer: 345Spender: 225Meiste Runden Einzell\u00e4ufer: Silvio Gl\u00f6ckner mit 58 Runden in 2 Stunden Laufzeit = 23,2 kmMeiste Runden Team: Team Ohio mit 545 Runden (21 L\u00e4ufer)Meiste Spenden Einzell\u00e4ufer: Ole Andert = 535\u20acMeiste Spenden Team: Team Stadtverwaltung Radebeul = 1.500\u20ac<\/p>\n","protected":false},"author":6,"featured_media":0,"parent":0,"menu_order":0,"comment_status":"closed","ping_status":"closed","template":"","meta":{"footnotes":""},"class_list":["post-687","page","type-page","status-publish","hentry"],"_links":{"self":[{"href":"https:\/\/www.spendenlauf-radebeul.de\/index.php\/wp-json\/wp\/v2\/pages\/687","targetHints":{"allow":["GET"]}}],"collection":[{"href":"https:\/\/www.spendenlauf-radebeul.de\/index.php\/wp-json\/wp\/v2\/pages"}],"about":[{"href":"https:\/\/www.spendenlauf-radebeul.de\/index.php\/wp-json\/wp\/v2\/types\/page"}],"author":[{"embeddable":true,"href":"https:\/\/www.spendenlauf-radebeul.de\/index.php\/wp-json\/wp\/v2\/users\/6"}],"replies":[{"embeddable":true,"href":"https:\/\/www.spendenlauf-radebeul.de\/index.php\/wp-json\/wp\/v2\/comments?post=687"}],"version-history":[{"count":2,"href":"https:\/\/www.spendenlauf-radebeul.de\/index.php\/wp-json\/wp\/v2\/pages\/687\/revisions"}],"predecessor-version":[{"id":711,"href":"https:\/\/www.spendenlauf-radebeul.de\/index.php\/wp-json\/wp\/v2\/pages\/687\/revisions\/711"}],"wp:attachment":[{"href":"https:\/\/www.spendenlauf-radebeul.de\/index.php\/wp-json\/wp\/v2\/media?parent=687"}],"curies":[{"name":"wp","href":"https:\/\/api.w.org\/{rel}","templated":true}]}}