{"id":17,"date":"2025-05-09T11:55:54","date_gmt":"2025-05-09T09:55:54","guid":{"rendered":"http:\/\/www.spendenlauf-radebeul.de\/?page_id=17"},"modified":"2025-05-09T11:55:54","modified_gmt":"2025-05-09T09:55:54","slug":"startseite","status":"publish","type":"page","link":"https:\/\/www.spendenlauf-radebeul.de\/index.php\/startseite\/","title":{"rendered":"Danke, dass Sie konkret unterst\u00fctzen wollen &#8230;"},"content":{"rendered":"\t\t<div data-elementor-type=\"wp-page\" data-elementor-id=\"17\" class=\"elementor elementor-17\">\n\t\t\t\t\t\t<section class=\"elementor-section elementor-top-section elementor-element elementor-element-41c14dc4 elementor-section-boxed elementor-section-height-default elementor-section-height-default\" data-id=\"41c14dc4\" data-element_type=\"section\" data-e-type=\"section\">\n\t\t\t\t\t\t<div class=\"elementor-container elementor-column-gap-default\">\n\t\t\t\t\t<div class=\"elementor-column elementor-col-100 elementor-top-column elementor-element elementor-element-3d1bce0b\" data-id=\"3d1bce0b\" data-element_type=\"column\" data-e-type=\"column\">\n\t\t\t<div class=\"elementor-widget-wrap elementor-element-populated\">\n\t\t\t\t\t\t<div class=\"elementor-element elementor-element-57c8a7b6 elementor-widget elementor-widget-text-editor\" data-id=\"57c8a7b6\" data-element_type=\"widget\" data-e-type=\"widget\" data-widget_type=\"text-editor.default\">\n\t\t\t\t<div class=\"elementor-widget-container\">\n\t\t\t\t\t\t\t\t\t<p>\u2026 beim Radebeuler Spendenlauf&nbsp;im L\u00f6\u00dfnitzstadion.<\/p>\n<p><img decoding=\"async\" class=\"wp-image-92 alignleft\" style=\"font-size: 1rem;\" src=\"https:\/\/www.spendenlauf-radebeul.de\/wp-content\/uploads\/2017\/05\/Schulsymbol-300x285.jpg\" alt=\"\" width=\"100\" height=\"95\" srcset=\"https:\/\/www.spendenlauf-radebeul.de\/wp-content\/uploads\/2017\/05\/Schulsymbol-300x285.jpg 300w, https:\/\/www.spendenlauf-radebeul.de\/wp-content\/uploads\/2017\/05\/Schulsymbol.jpg 692w\" sizes=\"(max-width: 100px) 100vw, 100px\" \/>In den letzten drei Jahren wurden 140.000 Euro erlaufen.&nbsp;Der Erl\u00f6s war f\u00fcr den Aufbau des Evangelischen Schulzentrums Radebeul bestimmt!<\/p>\n<p>Ab 2022 laden wir jedes Jahr einen Radebeuler Partner ein. Mit dieser Erweiterung wollen wir auch anderen sozial oder kulturell Engagierten die M\u00f6glichkeit geben, auf sich aufmerksam zu machen und Geld f\u00fcr ihre Projekte zu sammeln.&nbsp;<\/p>\n<p>Unser Partner 2022 ist die Gemeinde der Friedenskirche Radebeul.<\/p>\t\t\t\t\t\t\t\t<\/div>\n\t\t\t\t<\/div>\n\t\t\t\t\t<\/div>\n\t\t<\/div>\n\t\t\t\t\t<\/div>\n\t\t<\/section>\n\t\t\t\t<\/div>\n\t\t","protected":false},"excerpt":{"rendered":"<p>\u2026 beim Radebeuler Spendenlauf\u00a0im L\u00f6\u00dfnitzstadion. In den letzten Jahren wurden 140.000 Euro erlaufen. Der Erl\u00f6s war f\u00fcr den Aufbau des Evangelischen Schulzentrums Radebeul bestimmt! Ab 2022 laden wir jedes Jahr einen Radebeuler Partner ein. Mit dieser Erweiterung wollen wir auch anderen sozial oder kulturell Engagierten die M\u00f6glichkeit geben, auf sich aufmerksam zu machen und Geld &hellip; <\/p>\n<p class=\"link-more\"><a href=\"https:\/\/www.spendenlauf-radebeul.de\/index.php\/startseite\/\" class=\"more-link\"><span class=\"screen-reader-text\">\u201eDanke, dass Sie konkret unterst\u00fctzen wollen &#8230;\u201c<\/span> weiterlesen<\/a><\/p>\n","protected":false},"author":1,"featured_media":0,"parent":0,"menu_order":0,"comment_status":"closed","ping_status":"closed","template":"","meta":{"footnotes":""},"class_list":["post-17","page","type-page","status-publish","hentry"],"_links":{"self":[{"href":"https:\/\/www.spendenlauf-radebeul.de\/index.php\/wp-json\/wp\/v2\/pages\/17","targetHints":{"allow":["GET"]}}],"collection":[{"href":"https:\/\/www.spendenlauf-radebeul.de\/index.php\/wp-json\/wp\/v2\/pages"}],"about":[{"href":"https:\/\/www.spendenlauf-radebeul.de\/index.php\/wp-json\/wp\/v2\/types\/page"}],"author":[{"embeddable":true,"href":"https:\/\/www.spendenlauf-radebeul.de\/index.php\/wp-json\/wp\/v2\/users\/1"}],"replies":[{"embeddable":true,"href":"https:\/\/www.spendenlauf-radebeul.de\/index.php\/wp-json\/wp\/v2\/comments?post=17"}],"version-history":[{"count":45,"href":"https:\/\/www.spendenlauf-radebeul.de\/index.php\/wp-json\/wp\/v2\/pages\/17\/revisions"}],"predecessor-version":[{"id":694,"href":"https:\/\/www.spendenlauf-radebeul.de\/index.php\/wp-json\/wp\/v2\/pages\/17\/revisions\/694"}],"wp:attachment":[{"href":"https:\/\/www.spendenlauf-radebeul.de\/index.php\/wp-json\/wp\/v2\/media?parent=17"}],"curies":[{"name":"wp","href":"https:\/\/api.w.org\/{rel}","templated":true}]}}

Danke, dass Sie konkret unterstützen wollen &#8230;

<div data-elementor-type="wp-page" data-elementor-id="17" class="elementor elementor-17">
						<section class="elementor-section elementor-top-section elementor-element elementor-element-41c14dc4 elementor-section-boxed elementor-section-height-default elementor-section-height-default" data-id="41c14dc4" data-element_type="section" data-e-type="section">
						<div class="elementor-container elementor-column-gap-default">
					<div class="elementor-column elementor-col-100 elementor-top-column elementor-element elementor-element-3d1bce0b" data-id="3d1bce0b" data-element_type="column" data-e-type="column">
			<div class="elementor-widget-wrap elementor-element-populated">
						<div class="elementor-element elementor-element-57c8a7b6 elementor-widget elementor-widget-text-editor" data-id="57c8a7b6" data-element_type="widget" data-e-type="widget" data-widget_type="text-editor.default">
				<div class="elementor-widget-container">
									<p>… beim Radebeuler Spendenlauf&nbsp;im Lößnitzstadion.</p>
<p><img decoding="async" class="wp-image-92 alignleft" style="font-size: 1rem;" src="https://www.spendenlauf-radebeul.de/wp-content/uploads/2017/05/Schulsymbol-300x285.jpg" alt="" width="100" height="95" srcset="https://www.spendenlauf-radebeul.de/wp-content/uploads/2017/05/Schulsymbol-300x285.jpg 300w, https://www.spendenlauf-radebeul.de/wp-content/uploads/2017/05/Schulsymbol.jpg 692w" sizes="(max-width: 100px) 100vw, 100px" />In den letzten drei Jahren wurden 140.000 Euro erlaufen.&nbsp;Der Erlös war für den Aufbau des Evangelischen Schulzentrums Radebeul bestimmt!</p>
<p>Ab 2022 laden wir jedes Jahr einen Radebeuler Partner ein. Mit dieser Erweiterung wollen wir auch anderen sozial oder kulturell Engagierten die Möglichkeit geben, auf sich aufmerksam zu machen und Geld für ihre Projekte zu sammeln.&nbsp;</p>
<p>Unser Partner 2022 ist die Gemeinde der Friedenskirche Radebeul.</p>								</div>
				</div>
					</div>
		</div>
					</div>
		</section>
				</div>

<p>… beim Radebeuler Spendenlauf im Lößnitzstadion. In den letzten Jahren wurden 140.000 Euro erlaufen. Der Erlös war für den Aufbau des Evangelischen Schulzentrums Radebeul bestimmt! Ab 2022 laden wir jedes Jahr einen Radebeuler Partner ein. Mit dieser Erweiterung wollen wir auch anderen sozial oder kulturell Engagierten die Möglichkeit geben, auf sich aufmerksam zu machen und Geld &hellip; </p>
<p class="link-more"><a href="https://www.spendenlauf-radebeul.de/index.php/startseite/" class="more-link"><span class="screen-reader-text">„Danke, dass Sie konkret unterstützen wollen &#8230;“</span> weiterlesen</a></p>
